ate j(g).
4
Let y(b) = b**3 + 2*b**2 - 3*b + 4. Let v be y(-3). Suppose 0 = 4*j + 5*i - 1 - 10, 0 = j - 2*i - 6. Let z(w) = -7*w - v + 0*w - 2 + j. Calculate z(-2).
12
Let c(z) = -z**3 - 2*z**2 + z - 1. Let m be c(-2). Let d(h) = 4*h**2 + h - 5*h**2 + 2 - 5*h. Determine d(m).
5
Let q(v) = 2*v + 0*v**2 - 6*v**2 + 3 + 5*v**2. Determine q(3).
0
Suppose -3*s + 4 = -s. Let v(f) = 3*f**2 - 6*f - 6 + 3 - f**2 - f**s. Give v(6).
-3
Let d(q) = q**2 + 2*q + 1. Let v = -15 - -5. Let y = 17 + v. Suppose 0 = 2*x + y + 1. Calculate d(x).
9
Let x(g) be the third derivative of -g**7/840 + g**6/90 - g**5/120 - g**4/24 + g**3/2 - 8*g**2. Let f(z) be the first derivative of x(z). What is f(4)?
-5
Let s be (0 - -1) + -1*2. Let x be -7 - 6/(s - 2). Let p(n) = -n**3 - 4*n**2 + 4*n - 7. Determine p(x).
-2
Let t(f) be the second derivative of -f**3/3 + 30*f. What is t(4)?
-8
Let c(s) be the third derivative of s**7/840 + s**6/90 + s**5/24 + s**4/12 - s**3/2 + 2*s**2. Let t(w) be the first derivative of c(w). Give t(-3).
-4
Suppose 4*v - j = 9 + 13, -3*v - 3*j + 24 = 0. Let g(k) = -k**3 + 7*k**2 - 6*k + 7. Determine g(v).
7
Let y = 4 + -7. Let b(i) be the first derivative of -i**4/6 - i**3/2 + i**2 + 2*i - 4. Let o(t) be the first derivative of b(t). What is o(y)?
-7
Let a(y) be the second derivative of y**4/12 + y**3/3 + 2*y**2 + 10*y. What is a(-3)?
7
Let y(l) = l**2 + 6*l + 6. Let i be y(-4). Let v(b) = b**3 + 2*b**2 - 2*b - 1. Give v(i).
3
Let w(c) = c**3 + 3*c**2 + 2*c. Let v be (-76)/(-6) - 6/9. Suppose h + 2*h = v. Let p be 16/12*(-6)/h. Determine w(p).
0
Let n(s) be the second derivative of -5*s**4/4 - s**3/6 + s**2/2 + 5*s. Let k(t) = t + 5. Let p be k(-4). Calculate n(p).
-15
Let q(d) = 3*d**2 + 8*d + 53. Let l(a) = -a**2 - 3*a - 18. Let o(t) = 11*l(t) + 4*q(t). Determine o(0).
14
Suppose -6 - 2 = 3*g + 2*m, m = 3*g - 4. Let u(h) = -h - 253 + 0*h + 246. Calculate u(g).
-7
Let z = 34 + -33. Let i(k) = 18*k**2 - k. Determine i(z).
17
Let w be ((-6)/(-4) + 9/18)/2. Let q(h) = 6*h**3 - h**2 + h - 1. What is q(w)?
5
Suppose -5*x = 9 - 24. Let t(y) = y**3 - 4*y**2 + 2*y - 2. Determine t(x).
-5
Let w(l) = 3*l**3 - 15*l**2 - 14. Let a(c) = -4*c**3 + 22*c**2 + 21. Let v(g) = -5*a(g) - 7*w(g). Determine v(-5).
-7
Let k(q) be the third derivative of q**5/60 + q**4/4 + 2*q**3/3 + 15*q**2. What is k(-6)?
4
Let b be (-7)/(-2)*(9 - 7). Let z(u) = -10*u**2 + 2*u + 8. Let q(o) = -7*o**2 + o + 5. Let a(g) = b*q(g) - 5*z(g). Determine a(5).
5
Let r(z) = 2 + 1 - 6*z - 2 + 0. Suppose 0 = h - 2 + 1. What is r(h)?
-5
Let a(c) be the third derivative of -c**6/360 + c**5/120 - c**4/6 + c**3/6 - 2*c**2. Let v(k) be the first derivative of a(k). Calculate v(0).
-4
Let z(p) = -3*p**2 - 5*p - 5. Let o = 6 - 10. Let x = 5 + -14. Let d(t) = 7*t**2 + 11*t + 10. Let y(q) = o*d(q) + x*z(q). What is y(0)?
5
Suppose 4*f - 2*f + 5 = v, 5*f + 14 = 2*v. Let i(y) be the first derivative of -y**3/3 - 7*y**2/2 - 5*y - 1. Calculate i(f).
7
Let r(o) = 2*o + 0 + 8 - 3*o - 6. What is r(10)?
-8
Suppose -2*t - 16 = -6. Let n(m) = m**2 + 3*m + 5. Calculate n(t).
15
Let k(u) be the third derivative of -u**5/60 + u**4/8 + u**3/3 + 54*u**2. Calculate k(4).
-2
Let x(y) = y - 10. Let u be x(7). Let k(j) = -j**3 - 6*j**2 + 3. Let o be k(-6). Let s(w) = 2*w - 6*w + 2*w**2 + 0*w**3 + w**o. Calculate s(u).
3
Let d = 5 + -1. Let n(s) = -s**2. Let r(u) = u**2 + u. Let q(i) = 5*n(i) + 4*r(i). Give q(d).
0
Let u be 5/(10/4) - 4. Let m(k) = k**3 - 6*k**2 + 4*k + 2. Let y be m(5). Let h(i) = -3*i. Let r(s) = 2*s - 1. Let f(d) = y*r(d) - 4*h(d). Give f(u).
-9
Let r(o) = -o - 3. Let k be r(-8). Let n(s) = 3*s**2 - 6*s + 3. Let v(t) = 13*t**2 - 24*t + 11. Let h(y) = 9*n(y) - 2*v(y). Give h(k).
0
Let j(b) = b**3 + 10*b**2 - 10*b + 13. Let z be j(-11). Suppose -12 = n + z*n. Let v(y) = y. What is v(n)?
-4
Let i(u) = 219*u**2 + 4*u - 4*u + 3 - 224*u**2 - u**3 - 2*u. What is i(-5)?
13
Let q(w) = -w. Let p be q(-5). Let k(z) = -10 + z**2 - 98*z + 93*z + 5. What is k(p)?
-5
Let g(v) = -2*v - 8*v**2 - 6 - v**3 - 2*v**2 + 6*v**2. Calculate g(-4).
2
Let g(r) = -9*r + r**2 - r - 1 + 3*r - r. Determine g(8).
-1
Let g(p) = -3 - p + 1 + 6 + 0. Determine g(3).
1
Suppose 5 = -0*n + n. Let s(w) = -w + 6. Calculate s(n).
1
Let l(c) = c + 15 - 1 - 6. Give l(-6).
2
Let j(a) = 2*a - 1 + 3*a - 14*a. What is j(-1)?
8
Let r = 1 - -4. Suppose -4*s + 2*h = 28, r*s + 4*h + 4 = -5. Let n(o) = 0*o + 0*o**2 + 3*o + o**2 - 6. Determine n(s).
4
Let v(x) = x**3 - x**2 + x + 5. Let h be v(0). Suppose 9 = 2*w - 3*l, 7*l = 6*l - h. Let t(j) = j**3 + 5*j**2 + 3*j - 4. Give t(w).
5
Let h = -12 - -7. Let b(c) = 3*c + 3. What is b(h)?
-12
Let q(i) = -i**3 + 9*i**2 - 10*i + 19. Let x be q(8). Let r(p) be the first derivative of 1 + 5/2*p**2 + x*p + 1/3*p**3. Determine r(-2).
-3
Let x(v) = v + 7. Suppose -g = g - 20. Suppose -3*b = 5*t - 15, g = 6*t - t + 2*b. Suppose t*a + 5*a = -25. Give x(a).
2
Let g be (10/8)/((-3)/12). Let z = g + 2. Let u(w) be the first derivative of -w**2/2 + 2*w - 3. Determine u(z).
5
Suppose -39 = 5*p - 4*k, 0 = k - 4 + 3. Let n be (p/(-21))/((-1)/(-18)). Let b(j) = -j**2 + 7*j + 7. Calculate b(n).
13
Let x(t) = -5*t - 3. Let z(b) = b + 4. Let g(c) = -c - 5. Let j(r) = -5*g(r) - 6*z(r). Let s(f) = -f + 1. Let i be s(3). Let q(m) = i*j(m) - x(m). Give q(-1).
-6
Suppose -4*u - 2 = -26. Let k(s) = -s**3 + 6*s**2 - 6. Give k(u).
-6
Let o(p) = p**2 + p. Let f(l) = 5*l**2 + 12*l + 1. Let k(a) = -f(a) + 6*o(a). Calculate k(7).
6
Let a be 8/6*(-12)/(-8). Let o(h) = 2*h**2 + 0*h**2 + a*h - h**2 - 7. What is o(-5)?
8
Let g = 12 - 10. Let i = -7 - -11. Let c(b) = b**3 - 6*b**2 + 3*b. Let w(y) = -y**3 + 7*y**2 - 4*y. Let t(a) = i*w(a) + 5*c(a). Determine t(g).
-2
Let g(v) = -v**3 + 3. Suppose 0*u = -u. Calculate g(u).
3
Suppose -3*o = -4*o - 13. Let a = o + 9. Let t(c) = c. Calculate t(a).
-4
Suppose 6*p - 7*p = -1. Let t be 1*p/1 + 4. Let c(s) = -s + 7. Calculate c(t).
2
Let u(k) = -81*k + 167*k + 2 - 85*k. Give u(-8).
-6
Let p be (0 + 5)*6/5. Suppose 0 = -0*d + 3*d - p. Let f(b) = -2 - d + b + 6. What is f(-5)?
-3
Let s(o) be the second derivative of o**4/12 - 2*o**3/3 - 3*o**2/2 - 3*o. Let r be s(5). Let x(t) = 3*t + 0*t - 4*t + t**r - 1. Calculate x(3).
5
Let g = 14 - 14. Let t(f) = f**3 + f**2 - f + 6. Give t(g).
6
Let u be 4/3*(-18)/4. Let w(s) be the third derivative of s**4/24 + s**3/6 - 19*s**2. Give w(u).
-5
Let i = -20 - -22. Let z(l) = -l**3 + l**2 - 1. Calculate z(i).
-5
Suppose c + 14 = 4*b, -18 = 2*c - 5*c - 3*b. Let g(s) = 3*s**2 + c*s**2 + s**2 - 7*s**2 + s. Calculate g(3).
-6
Let i(d) = -6*d**2 + d - d**3 - 4*d + 2*d + d**2 + 4. Give i(-4).
-8
Suppose 2*k + 3*y - 1 = 40, k - 16 = -3*y. Suppose k = 4*x + 5. Let g(w) = -5*w + x*w + w**2 - 1. Calculate g(0).
-1
Let r be (2/4)/((-3)/(-6)). Let b(g) be the first derivative of g**2 - 4 + 2 - 4*g + r. Give b(5).
6
Let r(t) = -t + 7. Let c be (-2)/(-4)*(16 + -4). Let i = c + -1. Give r(i).
2
Suppose -3*c = -0*b + 3*b + 33, -5*c = b + 39. Let o = 26 - c. Suppose 0 = -5*q - 13 + o. Let u(l) = -l**2 + 2*l + 1. Calculate u(q).
-7
Let p(j) = 2*j + 12. Let y(h) = h + 1. Let m(x) = -p(x) + 6*y(x). What is m(4)?
10
Let x(j) = -j**3 + 2*j**2 + j. Let v(r) = -5*r**3 + 8*r**2 + 5*r + 5. Let b(h) = v(h) - 4*x(h). Give b(0).
5
Let v(x) = x**2 + 9*x + 5. Let d be v(-8). Let t be (-3 + 4)*(-1 - d). Let r(m) = 0 + 0 + m + t - 1. What is r(-2)?
-1
Let u be 2 + (-1 - (-29 + 4)). Let s = u - 24. Let w(k) = -k**2 + 1. What is w(s)?
-3
Let d be (0 - (1/(-3) - -1))*3. Let t(x) = -11*x. Calculate t(d).
22
Let z(d) = -1 + 15*d - 1 - 7*d. Let c(u) = -7*u + 1. Let y(h) = -6*c(h) - 5*z(h). Let o = 1 - 5. Give y(o).
-4
Let b(c) = -3*c + 4 - 3*c - 3. What is b(2)?
-11
Let t(o) = 79 - 5*o - 2*o - 5*o**2 + 6*o**2 - 86. What is t(7)?
-7
Let u(l) = 6*l**3 - 2*l + 1. Suppose 47 = 5*v + 42. Give u(v).
5
Let l(g) be the first derivative of 1 - 3/2*g**2 + 3*g. Determine l(5).
-12
Suppose -4*z + 5*k - 2*k = -12, -4 = -4*z + k. Let j(c) = c - 2. What is j(z)?
-2
Suppose 0 = -a - 2*a. Suppose a = 3*j + 5*v + 14, j + 5*v + 12 = -3*j. Let q(i) = 1 - 3*i**3 - 2*i + 4*i**2 - 2*i**3 + 4*i**3. Give q(j).
5
Let g(d) = -2 - d - 2*d + 4*d. Let n be g(2). Let r(l) = l**2 - l - 2. Calculate r(n).
-2
Let d be (-6)/(-4)*(-2)/(-3). Let i